h - 2*g + 142 = -4*h. What is the tens digit of h?
2
Let p = 180 - 102. What is the units digit of p?
8
Suppose 2*v = -n + 22, 2*n = v - 0*n - 11. Suppose -3*m + v = -2*m. What is the units digit of m?
1
Let n(g) = g + 3. Let m be n(-4). What is the tens digit of m - -4 - (2 + -11)?
1
Suppose 5*o + 22 = 2*y + 4*o, 0 = -y - o + 11. Let l = -6 + y. What is the units digit of l?
5
Let o = -1 + 25. Suppose -8*s + 7*s + o = 0. What is the tens digit of s?
2
Suppose -3*u + 94 = -u. Let j = u - 22. What is the units digit of j?
5
What is the units digit of 3/3*(-3 - -7)?
4
Let i be (3 + (-4)/3)*147. Suppose -147 = -q - 2*q - 4*g, 0 = 5*q + 5*g - i. Suppose -1 + q = 4*r. What is the tens digit of r?
1
Let o = 2 + 3. Suppose -3*u - z - 2 = -4*u, u + o*z - 8 = 0. What is the units digit of u?
3
Let k(i) be the second derivative of -i**4/12 - i**3/6 + i. Let v(m) = -9*m**3 + 4*m**2 + 5*m. Let b(n) = 5*k(n) + v(n). What is the units digit of b(-1)?
8
Let c(h) = -h**3 + 18*h**2 + 19*h + 6. What is the units digit of c(19)?
6
Let n = -8 - -13. Suppose 5*j = 5 + n. Suppose 5*b - j*b - 4*u - 5 = 0, 3*u = 12. What is the units digit of b?
7
Let f = -4 - -4. Suppose -5*k = -12 - 3. Suppose k*m - n = 7, f = 4*m + 5*n - 2 - 1. What is the units digit of m?
2
Suppose -140 = o - 6*o. Let a = o + -10. What is the tens digit of a?
1
Suppose 2*m - 164 = 4. Let a = m - 48. Suppose -z + a = 3*z. What is the units digit of z?
9
Suppose -6 = -2*h + 4*i + 2, -h - 2*i - 4 = 0. Let f(g) = g**2 + g + 41. What is the units digit of f(h)?
1
Let t(h) be the third derivative of -h**5/60 + h**4/3 - h**3/2 + 2*h**2. Let f = -4 + 10. What is the units digit of t(f)?
9
Let x(w) = -w**3 - 11*w**2 - 11*w - 4. Let k be x(-10). Let n = k - -1. Let a(b) = b - 1. What is the units digit of a(n)?
6
What is the tens digit of (-2)/10 - 852/(-10)?
8
Let m(s) = s**2 + 1 - 5*s + 2 + 2. Let p be m(5). Suppose 5*j = p*x - 2*x + 7, -j = 2*x - 17. What is the units digit of x?
6
Suppose 7*g + 72 = 9*g. Let l = g - -6. Suppose 55 = 5*b - 5*r, 4 = -4*b - 2*r + l. What is the tens digit of b?
1
Suppose 4*v + 192 = 4*s, 3*v + v = -3*s - 178. Let d be 1/2 - v/4. Suppose -d + 0 = -4*b. What is the units digit of b?
3
What is the tens digit of 2440/36 - 2/(-9)?
6
Let b(x) = -x**2 - 13*x + 6. Let z(o) = -o**2 - 10*o + 13. Let l be z(-12). What is the tens digit of b(l)?
2
Let h(k) = -k + 24. Let m be h(10). Let l = -5 + m. What is the units digit of l?
9
Let a(g) = 4*g**2 + g. Let z be a(-1). Let j be -2 - z*(-6)/(-9). Let s(r) = -r**3 - 2*r**2 + 6*r + 3. What is the tens digit of s(j)?
1
Let i = 6 - 3. Suppose -84 = -i*k - 0*k. What is the tens digit of k?
2
Let i(y) = 4*y - 8. Suppose -3*f - 3*c + 9 = 0, 6*f - 3*f + 2*c = 12. What is the tens digit of i(f)?
1
Let y(t) = 3*t - 4*t - 6*t**2 - 3 + 4*t. Let c be y(2). What is the units digit of 1/(-1 - c/18)?
6
Suppose -2*w = 4*z - 24, -5 = -4*w + 3*z + 10. Let f = w + -1. Suppose 36 = 4*l + f*n, 2*l - 12 = -2*n + 4. What is the units digit of l?
4
Let c be -3 + 0/(-2 - 1). Let g = 4 + c. Let o = 6 - g. What is the units digit of o?
5
Let v = -26 - -70. What is the units digit of v?
4
Let o(t) = t**3 - 4*t**2 - 3*t - 4. Let s be o(4). Let h = -6 - 1. Let i = h - s. What is the units digit of i?
9
Suppose -2*t - 2*t + 36 = 0. Suppose t = q - 5*a, q - 9 = -q + a. What is the units digit of q?
4
Let v(l) = 35*l - 60. What is the hundreds digit of v(12)?
3
Let f = 4 + 1. Suppose f*g - 109 = -19. What is the units digit of g?
8
Let n(o) = o**2 + o**2 - 2*o + 1 + o. Let b be n(4). Let f = -18 + b. What is the units digit of f?
1
Suppose 0 = 5*l - 15 - 165. Let r = -26 + l. What is the tens digit of r?
1
Suppose -3*m + 8 = 2. Suppose m*w + w = 39. Let l = w + -4. What is the units digit of l?
9
Let a(z) = z**2 - 10*z + 19. Let o be a(8). Suppose o*c = 6*c - 153. What is the tens digit of c?
5
Let m(x) = x**3 + x**2 + x + 1. Let s(o) = 3*o**3 + 9*o**2 + 2*o + 7. Let j(v) = -4*m(v) + s(v). Let i be j(4). Let a = 18 - i. What is the units digit of a?
7
Let o = -5 + 56. What is the units digit of o?
1
Let p = -3 - -4. Let b be -3*-2*p/6. Suppose 5*a - 9 - b = 0. What is the units digit of a?
2
Let c(q) = q**2 - 3. Let s be (-80)/14 + (-4)/14. Let p = s + 3. What is the units digit of c(p)?
6
Suppose n + 2*n + b + 3 = 0, n = -4*b - 1. Let a = 3 - n. What is the units digit of a?
4
Let i = 14 - 38. Let h be 5*(2 + i/15). What is the units digit of 1 + -2*(-1)/h?
2
Let r = 125 + -45. What is the units digit of r?
0
Suppose 3*s = -2*s - 15. Let h be 4/(-2)*(-1)/1. What is the tens digit of (13/h)/(s/(-6))?
1
Suppose 2*k - 12 + 4 = 0. Suppose 1 = 3*v - 5. Suppose a + v = k. What is the units digit of a?
2
Let k = -25 - -35. Suppose w = 4*x - 3*x - 6, 0 = -5*x + k. Let n = w - -5. What is the units digit of n?
1
Let z = -16 - -18. Suppose j = -z*a + 55, 0 = j + 3*a - 0*a - 60. What is the tens digit of j?
4
Let i(a) be the second derivative of 3*a + 0*a**4 - 1/2*a**2 - 1/20*a**5 + 0 - 1/6*a**3. What is the units digit of i(-2)?
9
Suppose -2*o + 40 = 2*f, -o - 4*f + 5 = -0*o. What is the units digit of o?
5
Let v be 17/(-3) + 16/24. What is the units digit of -2 - v/(20/16)?
2
Suppose -q = -2*q. Suppose -5*c + 23 - 8 = q. Suppose 8*z - c*z = 5. What is the units digit of z?
1
Let r = -93 + 242. What is the hundreds digit of r?
1
Let m = -12 - -12. Let i(d) = d**2 + 20. What is the tens digit of i(m)?
2
Suppose -4*q = -8*q + 12. Suppose q*x - 4*g - 65 = -8*g, g - 20 = -x. What is the tens digit of x?
1
Let c be 6/3 + 1 + -1. Suppose -3*f - 5*u + 23 = 0, -2*f - 13 = -7*f - c*u. What is the units digit of f?
1
Suppose -7 + 1 = -2*g. Suppose -2*n = -4*n - 5*f + 26, -g*f = n - 11. What is the units digit of n?
3
Let d be -1 - (-9 - -1)*2. Suppose -b - 25 = -5*t - 0*t, -5*t = 4*b. Let z = b + d. What is the tens digit of z?
1
Let d(m) = -6 + 2 + 8*m + 2. Let p be d(4). What is the tens digit of p/2 + (-4)/(-2)?
1
Suppose -2*z - 11 = -3*z - 4*l, -5*l = -15. Let r = z + 0. What is the units digit of (-52)/(-6) - r/3?
9
Let g = -38 + 53. Let s be (5/g)/(1/3). Let d(a) = 4*a + 1. What is the units digit of d(s)?
5
Suppose -v + 0 + 2 = 0. Let i(t) = -v - 2 + t**2 - 3*t + 0*t. What is the units digit of i(5)?
6
Let v(h) = -8*h - 3 + 0 - 2*h**2 + h**2. What is the tens digit of v(-5)?
1
Let k be ((-4)/12)/((-1)/15). Suppose 24 = 4*s + 4*n, k*s - 24 = 2*n - n. What is the units digit of s?
5
Let z be -2 + (-1 - -1) + 2. Suppose z = -5*y + 10*y - 170. What is the units digit of y?
4
Let a(f) = 7*f**2 + f + 2. Let v(o) = -o - 1. Let w(d) = a(d) + 3*v(d). Let y be w(-1). Suppose -y*k = -4*k - 24. What is the units digit of k?
6
Let v(k) = -3*k**2 - 7. Let z(f) = -2*f**2 - 6. Let j(t) = -5*v(t) + 6*z(t). Suppose 5 = -c + 3. What is the units digit of j(c)?
1
Suppose 0 = 5*i - 5*o - 6 + 1, -2*o + 28 = 3*i. Suppose 0 = -i*x + 2*x + 56. What is the units digit of x?
4
Let i(m) = m**2 - 4*m - 5. Let o be i(4). Let r = o - -9. What is the units digit of 26/r + (-1)/(-2)?
7
Suppose 6*f - 208 = 2*f. What is the tens digit of f?
5
Let t(r) = r - 4. Let d be t(10). What is the units digit of (3 - 2) + 1 + d?
8
Let c be 1 + 3/((-12)/4). Suppose -9 = -2*k + 9. Let q = k + c. What is the units digit of q?
9
Let a = 0 + 2. What is the units digit of a/6 + 2/3?
1
Suppose -7 = 5*g + 93. Let r = g - -39. What is the tens digit of r?
1
Let q(d) = 9 + 3*d + 7 - 19. Let a be q(7). Let f = 0 + a. What is the tens digit of f?
1
What is the units digit of 376/8 - 2/(-2)?
8
Let a(w) = -5*w - 3. Let p(r) = r**2 + 5*r + 1. Let d be p(-6). Let i(z) = -z**3 + 7*z**2 + z - 9. Let m be i(d). What is the units digit of a(m)?
7
Let x(c) = 3*c**3 + 6*c**2 - 16 - c - 5*c**3 + 12 + 3*c**3. What is the units digit of x(-6)?
2
Let u be (-10 - -4) + 4/1. Let i = -8 - -15. What is the units digit of i + 2 + (-3 - u)?
8
What is the tens digit of 2/(-10) - ((-2433)/15 + -4)?
6
Suppose 142 = k - 46. What is the hundreds digit of k?
1
Suppose -3*y + 3*q = -39, -7*q + 16 = y - 5*q. What is the tens digit of y?
1
Let d be (-1)/(6/8 + -1). What is the tens digit of (20/(-25))/(d/(-50))?
1
Let x = 0 - 5. Let v = x - -9. Suppose -4*u + 47 = 3*b, 0*u + 60 = v*b + 4*u. What is the tens digit of b?
1
Let u be -5*((-24)/4)/2. Suppose 0 = 2